nder when k is divided by b(7).
1
Let x(s) = 4*s - 2. Let g be x(4). What is the remainder when 48 is divided by 234/g + 4/14?
14
Let l = -213 + 230. Let h(n) = 13*n. What is the remainder when h(5) is divided by l?
14
Let s(k) = -12*k - 2. Suppose -3*y - 17 + 53 = 0. What is the remainder when s(-3) is divided by y?
10
Suppose 0 = -6*x + 22 + 20. What is the remainder when 11 is divided by x?
4
Suppose 17 = a - 8. Calculate the remainder when a is divided by 0 + 2 + 5 + 0.
4
Calculate the remainder when 62 is divided by (-220)/(-14) - (-6)/21.
14
Let u(t) be the first derivative of -2*t + 3 - t + 0*t**2 + 2*t**2 - 3*t**2. What is the remainder when 25 is divided by u(-8)?
12
Suppose z + 8 = -2*z - 5*k, -2*k - 24 = -4*z. Suppose 8*r + 10 = 2*o + z*r, 4*o - 2*r - 8 = 0. What is the remainder when 11 is divided by (28/(-21))/(o/(-3))?
3
Let i(d) = d**3 + 4*d**2 - d - 5. Let p be i(-4). Let q be (2/1)/2 - p. Suppose -q*j + 5 + 3 = 0. Calculate the remainder when j is divided by 3.
1
Let a(c) = -11*c + 17. Calculate the remainder when a(-3) is divided by 18.
14
Let s(c) = 63*c**3 + c**2 + c - 1. Suppose -4*z = -3*w - 19, 5*z + 3*w = -17 + 61. Suppose -z + 51 = 2*i. Calculate the remainder when s(1) is divided by i.
20
Suppose p = 2*h + 109 - 4, 3*p = -h + 329. Let q = p - 51. Calculate the remainder when q is divided by (10/6)/((-1)/(-12)).
18
Let s = -71 + 76. Calculate the remainder when 23 is divided by s.
3
Suppose -i + 54 = 2*i. Calculate the remainder when i is divided by 2/4 - 39/(-6).
4
Let j(b) = 20*b**2 + 2*b + 1. What is the remainder when 56 is divided by j(-1)?
18
Let b(p) = p**2 - 4. What is the remainder when 39 is divided by b(-5)?
18
Suppose -2*m = 3*f - 90, 3*f - 97 + 16 = m. Calculate the remainder when 83 is divided by f.
27
Let f = 55 - 37. Let w(y) = -45*y - 3. What is the remainder when w(-2) is divided by f?
15
Let g = -9 - -9. Suppose g = 3*i - 2*a - 24, 0*a = 2*i - 2*a - 14. Calculate the remainder when ((-2)/(-2))/(2/38) is divided by i.
9
Let q = -45 + 88. Suppose -5*n - 2*a + 90 = 0, 22 = 3*n - a - q. What is the remainder when n is divided by 7?
6
Suppose 5*h - 14 - 1 = 0. Let r = -6 + 3. Let i = r + 8. Calculate the remainder when i is divided by h.
2
Let r = 86 + -60. What is the remainder when r is divided by 8?
2
Let l(y) = y**3 + 10*y**2 + 8*y - 3. Suppose 3*m + 75 = 8*m. Calculate the remainder when m is divided by l(-9).
3
Let c(l) = l**2 - l + 4. Calculate the remainder when c(0) is divided by 3.
1
Suppose 2*j + j = 39. Let q = 30 - j. Calculate the remainder when q is divided by 9.
8
Let i(a) = 4*a**3 + a + 2. Let c = 73 + -44. Calculate the remainder when i(3) is divided by c.
26
Suppose 5*d - 35 = -0*d. Suppose 0*p = -y - 4*p - 17, -2*p - 22 = -4*y. What is the remainder when d is divided by y?
1
Suppose 0 = -18*r + 12*r + 408. What is the remainder when r is divided by 35?
33
Let p be ((-2)/(-3))/((-2)/6). Let r = p - -17. What is the remainder when r is divided by 4?
3
Suppose 5*n - 58 = 37. Suppose -n = -2*m + 9. Calculate the remainder when 27 is divided by m.
13
Suppose -7*w + 4*w = -66. What is the remainder when w is divided by 12?
10
What is the remainder when (-634)/(-22) + (-2)/(-11) is divided by 15?
14
Let d be 6/(-4) + (-14)/(-4). Suppose 3*l - d*l = 10. Calculate the remainder when ((-29)/3)/(1/(-3)) is divided by l.
9
Suppose 0 = -4*o - 3*p + 101, -3*o + 4*p = -18 - 39. Let l be 0*(-3)/9 - 2. What is the remainder when o is divided by 32/2*l/(-4)?
7
Let g(f) = 52*f + 1. Let v be g(-2). Let s = -68 - v. Calculate the remainder when s is divided by 12.
11
Suppose -6*f + 308 = -2*f. Calculate the remainder when f is divided by 3 + (-1240)/(-72) - 2/9.
17
Let n(s) = -4*s - 11. Let a be 2/6 - 26/(-3). Suppose -3*z = -4*z - a. Calculate the remainder when n(z) is divided by 9.
7
Let u = -14 + 37. Calculate the remainder when u is divided by 13.
10
Calculate the remainder when 0 + 0 - -2*2 is divided by 2.
0
Let v(y) = 0 - 3 - y - 2 + 0 - y**3. Let p be v(0). What is the remainder when ((-52)/10)/(1/p) is divided by 7?
5
Let u(j) = 5*j + 13. What is the remainder when u(14) is divided by 21?
20
Suppose -5*p + 45 = -2*t + 7*t, -3*t + 28 = 2*p. Calculate the remainder when t is divided by 4.
2
Suppose r + s - 1 = 4, 23 = 5*r + 4*s. Let i be (r/(-9)*0)/(-2). What is the remainder when 29 is divided by (i - -13 - -2) + 0?
14
Suppose 2*c + 0*c = 10. Suppose -58 = -c*d - 18. What is the remainder when 22 is divided by d?
6
Suppose -12*w + 10*w = -152. Let v(t) = 2*t**2 + 12*t - 12. Let f be v(-9). Let i = f - 16. What is the remainder when w is divided by i?
24
Let j = -152 - -251. What is the remainder when j is divided by 34?
31
Let f(r) = r**3 + 4*r**2 + 5*r + 2. Let y be f(-3). Let k(h) = -h**2 - 15*h + 19. What is the remainder when 22/4 - (-2)/y is divided by k(-16)?
2
Calculate the remainder when 251 is divided by 364/10 - (-36)/(-90).
35
Suppose 5*l - 7*l = -64. What is the remainder when l is divided by 11?
10
Suppose 34 = u - 4*a + 1, -a - 44 = -3*u. Calculate the remainder when 43 is divided by u.
4
Calculate the remainder when 98 is divided by (4 + 18)*6*2/8.
32
Let g be (6 + -4)*(9 - -1). Suppose -g = -4*s + 4. Calculate the remainder when 17 is divided by s.
5
Suppose -4*u - 12 = -0*u. Let b = u + 9. Calculate the remainder when 10 is divided by b.
4
What is the remainder when 207 is divided by 1/((-9)/(-273)) + (-5)/15?
27
Let q(z) = 2*z**2 + z + 4. Let i be q(-4). Suppose 3*h + i = 7*h. Calculate the remainder when 30 is divided by h.
6
Suppose 8*a - 5*a = -21. Calculate the remainder when (-12)/a + (-4)/(-14) is divided by 2.
0
Suppose 0 = 4*y + 4*m - 68, 0 = 2*y - y - 3*m - 9. Calculate the remainder when y is divided by 6.
3
What is the remainder when 11 - (-8)/(-6 - -4) is divided by 3?
1
Let v = -3 + 5. Let t be (2/6)/((-2)/6). Let s(u) = 6*u**2 - 1. What is the remainder when s(t) is divided by v?
1
Suppose h + 8 - 14 = 0. Calculate the remainder when h is divided by 5.
1
Let p be ((-2)/8)/((-4)/80). Suppose p*w = -0*w + 115. Calculate the remainder when w is divided by 6.
5
Let i = 46 - 28. Let k be (-4)/(16/12) + 26. Suppose k = 2*o + 3. Calculate the remainder when i is divided by o.
8
Suppose -4*o - 20 = 0, 2*t = 5*t - 3*o - 18. What is the remainder when t/(-1) - (-40 + 1) is divided by 10?
8
Let t = 15 + 0. Calculate the remainder when 44 is divided by t.
14
Let y = 45 + -35. Calculate the remainder when 27 is divided by y.
7
Suppose -2*t = 3*t + 5*x - 110, -t + 17 = -4*x. Calculate the remainder when t is divided by 11.
10
Let o = 57 + -34. What is the remainder when 89 is divided by o?
20
Let j(a) = -a**3 - a**2. Let f be j(1). Let z be f - -4 - (-9 - 0). Let h = z - 3. What is the remainder when 22 is divided by h?
6
Suppose -5*j = r - 3*r - 78, -r + 81 = 5*j. Let o(y) = -2*y - 6. Calculate the remainder when j is divided by o(-6).
4
Let p be (-124)/3 - (-2)/(-3). Let l be 6*(-1 + p/(-9)). Let z = 37 - l. Calculate the remainder when 43 is divided by z.
13
Suppose -4*l = 2*q - 24, 4*q - l - 15 - 24 = 0. Suppose 9 + q = i. Calculate the remainder when 55 is divided by i.
17
Let o(a) = 3*a - 4. Let b be o(4). Calculate the remainder when 36 is divided by b/(-2) + 3 + 14.
10
Let i = 31 - 11. Let o(f) = f**3 - f**2 + 2*f + 3. Let y be o(4). Suppose 0 = -0*x + x - y. Calculate the remainder when x is divided by i.
19
Suppose -r - 3 = -6. Suppose l + 5*t - 23 = 0, l + l - 4*t - 18 = 0. Let a = l - r. What is the remainder when 18 is divided by a?
8
Let y(j) = 3*j**2 + 21*j + 18. What is the remainder when y(-8) is divided by 22?
20
Suppose -4*d = 3*i - 129, -3*d = -5*i - 90 - 14. What is the remainder when d is divided by 18?
15
Let k = 78 + -74. What is the remainder when 16 is divided by k?
0
Let p = -32 + 47. Calculate the remainder when 26 is divided by p.
11
Let y = 4 - 2. Let p = -1 + -1. What is the remainder when (y*7)/(p - -3) is divided by 8?
6
Let t = -3 - -9. What is the remainder when 28 is divided by t?
4
Suppose m + 4*m = 25, -2*v = m - 29. Suppose -11*f + 278 = -228. Calculate the remainder when f is divided by v.
10
Let x(a) be the second derivative of 5*a**3/6 - 3*a**2/2 + 2*a. What is the remainder when 47 is divided by x(3)?
11
Let k be 6/(-21) - (-122)/(-